alculate p(89).
-210
Let n(h) = -h**3 - 1660*h**2 + 8180*h + 717. Calculate n(5).
-8
Let l(z) = -2*z**3 + 264*z**2 - 777*z + 385. Determine l(129).
-2
Let w(k) = 7*k**2 - 332*k - 1842. Calculate w(41).
-3687
Let l(v) = v**3 + 83*v**2 + 1255*v + 8. Calculate l(-63).
323
Let q(p) = 95548*p - 91439441. What is q(957)?
-5
Let t(q) = -24*q**2 - 63*q + 298. Determine t(-5).
13
Let n(w) = -15*w**2 + 7206*w - 49714. Calculate n(7).
-7
Let k(q) = -1925*q + 673751. What is k(350)?
1
Let p(w) = -13*w**2 - 1167*w - 5861. Give p(-5).
-351
Let w(y) = -2836*y - 62177. What is w(-22)?
215
Let n(y) = -y**3 + 27*y**2 + 21*y - 2. Give n(4).
450
Let d(n) = -2*n**2 - 242*n - 6264. Give d(-85).
-144
Let o(x) = -x**2 - 749147*x - 22473512. Calculate o(-30).
-2
Let j(v) = v**3 + 291*v**2 + 1986*v + 4802. Give j(-284).
5370
Let x(r) = 2*r**2 + 747*r + 39673. What is x(-309)?
-188
Let f(s) = -2*s**2 + 19*s + 420. What is f(-14)?
-238
Let b(c) = 3*c**2 + 224*c + 3998. Calculate b(-44).
-50
Let i(h) = 7*h**3 + 199*h**2 + 1220*h - 20. Determine i(-9).
16
Let g(l) = -5*l**2 - 675*l - 1969. Determine g(-132).
11
Let q(s) = -s**2 + 437*s - 10453. Give q(28).
999
Let j(w) = -w**3 + 36*w**2 + 133*w + 1094. Calculate j(40).
14
Let c(t) = -114*t + 15427. What is c(123)?
1405
Let b(q) = 1071050*q - 67476145. Give b(63).
5
Let i(a) = 6*a**3 - 9*a**2 - 5673*a - 106. Give i(-30).
-16
Let o(w) = -16*w**3 - 94*w**2 - 124*w - 793. Give o(-6).
23
Let z(g) = g**3 - 194*g**2 + 3970*g - 6332. Determine z(171).
-5
Let l(h) = 124940*h - 1374337. Calculate l(11).
3
Let i(j) = -5*j**2 + 18488*j - 111045. Determine i(6).
-297
Let t(q) = 19*q**3 + 100*q**2 - 74*q - 425. Calculate t(-5).
70
Let g(u) = -85*u + 6524. Give g(72).
404
Let n(b) = 17*b**3 + 3*b**2 - 55*b - 41. Calculate n(5).
1884
Let v(h) = 1127*h - 80043. Give v(71).
-26
Let q(v) = -5*v**3 - 16*v**2 - 7*v + 1272. Determine q(0).
1272
Let i(v) = -v**3 + 34*v**2 + 674*v + 287. Calculate i(48).
383
Let z(r) = -2*r**3 - 250*r**2 + 853*r + 43808. What is z(-127)?
-7
Let a(i) = -81*i**2 + 481*i - 50. Give a(6).
-80
Let o(x) = 16212*x + 178500. What is o(-11)?
168
Let l(v) = -213*v - 18107. Give l(-82).
-641
Let u(r) = 2*r**2 + 413*r - 157. What is u(-207)?
50
Let p(u) = u**3 + 130*u**2 - 962*u - 300. Calculate p(-137).
111
Let n(p) = 267927*p + 535659. Determine n(-2).
-195
Let f(k) = 6948*k + 5815472. What is f(-837)?
-4
Let b(o) = -9*o**3 + 405*o**2 - 14*o - 19. Determine b(45).
-649
Let x(v) = 4*v**2 - 421*v + 3783. Give x(9).
318
Let c(g) = -g**2 - 6828*g + 95801. Determine c(14).
13
Let v(q) = 17*q**2 - 396*q - 396. Determine v(-1).
17
Let q(s) = 64*s**3 + 1919*s**2 - 41*s - 300. Calculate q(-30).
30
Let q(b) = -1797*b + 8987. What is q(5)?
2
Let w(n) = -n**3 - 162*n**2 + 871*n - 49. Give w(5).
131
Let r(l) = 5621145*l - 112422900. Calculate r(20).
0
Let x(r) = -2*r**2 + 505*r - 9720. What is x(20)?
-420
Let y(p) = -3*p**3 + 132*p**2 - 1421*p + 710. Determine y(17).
-38
Let f(x) = x**3 + 70*x**2 - 466*x + 743. What is f(3)?
2
Let y(m) = -6*m**2 - 5421*m + 27150. Give y(5).
-105
Let d(o) = o**3 + 25*o**2 + 36*o - 137. What is d(-24)?
-425
Let t(w) = w**3 + 4*w**2 - 318*w - 2065. Calculate t(-7).
14
Let h(k) = k**3 + 8*k**2 - 599*k - 5807. Determine h(-10).
-17
Let f(l) = l**3 - 235*l**2 - 639*l - 17852. Give f(238).
-2
Let l(r) = -588*r + 3387. Determine l(5).
447
Let y(v) = 5081*v**3 - 237*v**2 - 235*v + 3. Determine y(-1).
-5080
Let z(j) = -132*j + 76. What is z(-7)?
1000
Let g(v) = 184*v**3 + 2*v**2 + 140*v - 276. Determine g(2).
1484
Let k(p) = -p**2 + 1875*p + 220125. Give k(-111).
-321
Let q(z) = -z**3 + 22*z**2 - 3731*z + 82092. Calculate q(22).
10
Let s(k) = -39*k**2 + 5749*k + 17248. Give s(-3).
-350
Let t(u) = -3257*u - 345227. What is t(-106)?
15
Let i(k) = 4*k**2 - 315*k + 5731. Give i(50).
-19
Let f(w) = -5*w**2 - 2238*w - 23160. What is f(-437)?
1
Let x(m) = 9*m**3 - 3*m**2 - 4*m + 6. Calculate x(5).
1036
Let y(j) = -11709*j + 45923. What is y(4)?
-913
Let t(c) = -2*c**2 + 13040*c + 195694. Give t(-15).
-356
Let n(x) = 14*x**3 - 8*x**2 - 95*x + 323. Determine n(5).
1398
Let w(u) = -4*u**3 + 521*u**2 - 127*u - 245. Calculate w(130).
145
Let w(z) = -z**3 + 32*z**2 + 80*z + 152. Give w(34).
560
Let t(w) = -51*w**2 - 51*w - 55. Determine t(-3).
-361
Let t(x) = x**3 - 15*x**2 + 84*x - 91. Calculate t(11).
349
Let j(o) = -25*o**3 + 4*o**2 - 48*o + 171. Give j(4).
-1557
Let m(s) = 761*s + 29307. What is m(-38)?
389
Let a(h) = 2*h**2 - 52*h - 1908. Calculate a(-20).
-68
Let m(a) = -6*a**2 + 593*a + 4876. Give m(-8).
-252
Let v(q) = -q**3 + 4*q**2 + 291*q - 590. Calculate v(2).
0
Let v(g) = -32*g**2 - 283*g + 298. Determine v(-10).
-72
Let q(m) = -31619*m - 12742456. What is q(-403)?
1
Let i(v) = 4*v**2 - 64504*v - 2262546. Determine i(-35).
-6
Let o(d) = 5*d**2 - 348*d + 1872. What is o(64)?
80
Let o(l) = l**3 + 49*l**2 + 331*l + 110. Give o(-6).
-328
Let r(w) = 4512*w + 49955. Calculate r(-11).
323
Let r(t) = t**3 - 40*t**2 - 2743*t - 234. Give r(-36).
18
Let a(v) = -2*v**2 - 663*v - 5170. Calculate a(-8).
6
Let a(i) = i**3 - 15*i**2 + 46*i - 968. Give a(16).
24
Let i(b) = 4275*b + 269338. Calculate i(-63).
13
Let m(f) = f**3 + 6*f**2 + 135*f + 820. Give m(-6).
10
Let z(m) = -156*m**2 + 3095*m - 5160. Calculate z(18).
6
Let s(u) = 2*u**3 + 37*u**2 + 4*u + 459. Determine s(-19).
22
Let c(k) = 7*k**2 + 94*k + 1014. Determine c(-13).
975
Let x(k) = -13*k**2 + k + 4664. Calculate x(19).
-10
Let b(l) = l**2 + 194*l + 7005. Determine b(-106).
-2323
Let p(z) = 3*z**2 + 1106*z + 12096. What is p(-11)?
293
Let c(q) = 4*q**3 + 168*q**2 - 548*q - 273. Calculate c(-45).
87
Let u(k) = -2*k**3 - 4*k**2 - 23937*k - 143914. What is u(-6)?
-4
Let k(r) = r**3 + 71*r**2 + 688*r + 23639. Give k(-66).
11
Let l(v) = 257*v + 5553. Calculate l(-28).
-1643
Let i(q) = -q**3 - 21*q**2 - 1084*q - 24318. Give i(-22).
14
Let h(o) = -2625*o**2 - 31502*o - 63. Determine h(-12).
-39
Let n(g) = g**3 + 36*g**2 - 86*g - 294. Calculate n(-38).
86
Let v(j) = j**2 - 307*j - 31343. Calculate v(-81).
85
Let q(c) = -c**2 - 1132*c + 1141. What is q(0)?
1141
Let k(i) = -3*i**3 + 153*i**2 + 286*i - 28411. Determine k(49).
9
Let p(f) = 42995*f + 5976266. Give p(-139).
-39
Let d(b) = -b**2 + 1547*b - 7695. What is d(5)?
15
Let p(g) = g**2 + 217*g + 1578. Calculate p(-8).
-94
Let w(y) = 3383*y**2 + 186063*y - 96. Determine w(-55).
14
Let j(p) = -p**2 + 178384*p + 1070345. Calculate j(-6).
5
Let b(k) = k**3 + 10*k**2 - 2849*k - 25737. Give b(-9).
-15
Let x(n) = -3*n**3 - 143*n**2 - 1362*n - 7. Calculate x(-10).
2313
Let a(j) = 57725*j - 404087. Determine a(7).
-12
Let i(j) = j**3 + 90*j**2 + 279*j + 1704. Calculate i(-87).
138
Let m(z) = z**2 + 13*z - 286. What is m(-13)?
-286
Let x(z) = -25810*z + 154927. Calculate x(6).
67
Let z(i) = 1686*i**2 + 30351*i + 34. Determine z(-18).
-20
Let i(d) = -d**2 - 3013*d + 266467. Calculate i(86).
-47
Let o(g) = g**3 - 77*g**2 - 632*g + 3841. Calculate o(84).
145
Let f(w) = 124*w**2 - 641*w + 53. Calculate f(5).
-52
Let x(u) = 2*u**3 + 998*u**2 - 3036*u - 12039. What is x(-502)?
9
Let i(d) = 601*d + 32590. What is i(-52)?
1338
Let f(p) = -10*p**2 + 652*p + 225. Give f(65).
355
Let l(s) = s**2 + 33*s + 257. What is l(-34)?
291
Let x(k) = 2*k**3 + 54*k**2 + 49*k + 4986. Determine x(-29).
201
Let n(l) = l**3 - 83*l**2 - 1467*l + 165. What is n(98)?
459
Let h(g) = -9*g**2 + 348*g - 3221. What is h(17)?
94
Let a(y) = 678*y + 2577. What is a(-4)?
-135
Let b(h) = h**3 + 31*h**2 + 227*h + 332. Calculate b(-22).
-306
Let i(r) = 7791*r + 109074. Calculate i(-14).
0
Let f(k) = k**2 + 910*k + 117912. What is f(-156)?
288
Let c(h) = h**3 - 58*h**2 + 496*h + 132. Calculate c(48).
900
Let n(c) = 20235*c - 283274. Determine n(14).
16
Let q(g) = 31555*g + 1703975. Determine q(-54).
5
Let j(i) = -38658*i - 4291041. Calculate j(-111).
-3
Let q(z) = 7465*z - 163564. Determine q(22).
666
Let h(g) = 2*g**2 - 1816*g - 23946. Calculate h(-13).
0
Let v(y) = y**3 - 6*y**2 - 406*y + 2440. Give v(6).
4
Let p(k) = k**2 - 2395*k + 40623. What is p(17)?
197
Let t(f) = 1316643*f + 7899873. What is t(-6)?
15
Let k(h) = 14*h**2 - 2442*h + 3666. Calculate k(173).
206
Let g(x) = -11*x**2 + 3734*x + 3736. What is g(-1)?
-9
Let d(o) = 7*o**3 - 169*o**2 + 184*o + 22. What 